lculate the highest common divisor of 137328 and 629344.
16
Calculate the highest common factor of 2082522 and 36582.
78
Calculate the greatest common divisor of 235125960 and 15463.
2209
Calculate the greatest common divisor of 14311619 and 1834.
917
What is the highest common divisor of 3136212 and 32311?
409
Calculate the greatest common divisor of 18872964 and 132.
132
What is the highest common divisor of 4698 and 345744?
18
What is the greatest common divisor of 2125 and 1681249?
17
Calculate the highest common divisor of 155 and 317373319.
31
Calculate the highest common factor of 602 and 498151689.
301
Calculate the highest common factor of 7556 and 341492.
4
What is the highest common factor of 106952 and 29116?
116
What is the greatest common factor of 314269085 and 4205?
4205
What is the greatest common divisor of 11729 and 76946995?
317
What is the highest common divisor of 108612 and 192657?
1293
What is the greatest common divisor of 168078 and 1719366?
654
What is the highest common factor of 142 and 319164667?
71
Calculate the highest common factor of 128 and 166560288.
32
Calculate the greatest common factor of 520 and 9224.
8
Calculate the highest common divisor of 3952 and 1138280.
104
What is the highest common factor of 234718 and 1793?
11
Calculate the highest common divisor of 7257 and 2763678.
177
What is the greatest common divisor of 3168 and 519222?
66
Calculate the highest common divisor of 5 and 72531468.
1
Calculate the greatest common divisor of 25257903 and 153.
51
What is the highest common divisor of 434093853 and 6123?
471
Calculate the greatest common divisor of 65326 and 3519530.
734
What is the greatest common divisor of 728 and 3960866?
182
What is the highest common divisor of 5332635 and 1925?
385
What is the greatest common divisor of 4826 and 369094?
38
Calculate the highest common factor of 1294 and 807861022.
1294
What is the highest common divisor of 5853628 and 259153?
769
Calculate the highest common divisor of 60551297 and 51.
17
What is the highest common divisor of 448652 and 184?
4
What is the highest common divisor of 292 and 87217626?
146
What is the greatest common factor of 20464 and 176512?
16
Calculate the greatest common divisor of 612229650 and 120.
30
What is the greatest common divisor of 8 and 4620808?
8
What is the highest common factor of 466188079 and 87?
29
Calculate the highest common factor of 6219588 and 12.
12
Calculate the greatest common divisor of 6156 and 1908684.
324
Calculate the highest common factor of 526868078 and 946.
946
What is the highest common divisor of 208 and 240569056?
208
Calculate the greatest common factor of 48008631 and 33.
33
Calculate the highest common factor of 3140 and 2890220.
20
What is the greatest common factor of 3067534 and 820440?
4558
Calculate the highest common factor of 14615472 and 64.
16
What is the greatest common divisor of 4681 and 1519?
31
What is the greatest common divisor of 473848 and 1532808?
488
Calculate the highest common factor of 14256418 and 242.
22
What is the highest common factor of 608964 and 970741?
1637
What is the highest common divisor of 3274901 and 2093?
161
Calculate the highest common divisor of 32663 and 154507.
367
What is the highest common divisor of 25182 and 22590?
18
What is the greatest common divisor of 8360 and 1081630?
110
What is the highest common factor of 9816876 and 486?
162
Calculate the greatest common divisor of 419230 and 6102565.
3955
Calculate the greatest common factor of 1102250 and 8500.
250
Calculate the highest common divisor of 308 and 3750537.
7
Calculate the highest common factor of 4704 and 404256.
96
Calculate the highest common factor of 2004312755 and 10545.
3515
What is the greatest common factor of 45 and 3327825?
15
Calculate the greatest common divisor of 1172400292 and 28.
28
What is the highest common divisor of 29604370 and 16?
2
Calculate the greatest common divisor of 532071155 and 20482.
10241
Calculate the greatest common divisor of 16639 and 198215653.
2377
What is the greatest common factor of 169 and 9391967?
13
What is the greatest common factor of 19421992 and 85580?
1556
What is the highest common divisor of 3 and 7788195?
3
What is the greatest common factor of 2906187228 and 381?
381
What is the highest common factor of 293842710 and 630?
630
Calculate the greatest common factor of 163756099 and 169.
169
What is the highest common factor of 2953854 and 181?
1
What is the greatest common divisor of 223725 and 3876?
57
What is the highest common factor of 30591970 and 5785?
445
Calculate the highest common factor of 275 and 101275.
25
Calculate the highest common divisor of 6155325 and 55.
55
Calculate the highest common factor of 203776 and 2189.
199
Calculate the highest common divisor of 224 and 1844129.
7
What is the highest common factor of 1053 and 86785803?
351
Calculate the greatest common divisor of 242054120 and 13720.
1960
Calculate the greatest common factor of 2586538 and 63359.
3727
What is the highest common divisor of 8895 and 18060408?
1779
What is the greatest common divisor of 101379 and 34263?
141
What is the highest common factor of 449094 and 3971202?
5046
Calculate the greatest common divisor of 3627 and 16635.
3
What is the greatest common divisor of 2134486 and 12998?
134
Calculate the highest common divisor of 99 and 4924359.
99
Calculate the greatest common divisor of 464152 and 1307659.
4463
Calculate the greatest common factor of 62307 and 16708902.
483
What is the highest common divisor of 1690886 and 25232?
38
What is the greatest common divisor of 1036070 and 1746157?
2527
Calculate the greatest common factor of 885137 and 6633.
737
Calculate the greatest common factor of 614248902 and 1656.
414
What is the highest common factor of 41769 and 421239?
273
Calculate the greatest common divisor of 42452086 and 66562.
2894
What is the highest common divisor of 4675 and 992783?
187
Calculate the highest common factor of 645822724 and 17.
17
Calculate the highest common divisor of 107462458 and 2547.
283
What is the highest common divisor of 33851323 and 77?
11
What is the highest common factor of 217 and 4249776174?
217
What is the greatest common divisor of 4980725 and 175?
25
What is the greatest common divisor of 13584492 and 72?
36
Calculate the highest common factor of 6002796 and 24.
12
What is the greatest common factor of 1014 and 10293894?
78
What is the highest common divisor of 1314230 and 90?
10
What is the greatest common divisor of 1996153 and 2980?
149
What is the highest common divisor of 1568088 and 316854?
522
What is the highest common factor of 1631798 and 308?
14
Calculate the greatest common divisor of 46465024 and 3545.
709
Calculate the greatest common factor of 1533551 and 177700.
1777
What is the greatest common factor of 8255334 and 1267818?
9678
Calculate the highest common divisor of 994 and 147516416.
142
What is the highest common divisor of 167866317 and 81?
27
Calculate the greatest common divisor of 25349696 and 192.
64
Calculate the highest common divisor of 2741846976 and 88.
88
What is the greatest common factor of 22097 and 2744930?
19
What is the greatest common divisor of 6002 and 34874621?
3001
What is the greatest common divisor of 24 and 57360636?
12
Calculate the highest common divisor of 39527717 and 1454.
727
What is the highest common divisor of 7440 and 885048?
24
Calculate the highest common divisor of 6630326 and 148.
74
What is the highest common factor of 3152 and 7404836?
788
What is the highest common factor of 793 and 10192?
13
Calculate the highest common divisor of 31 and 142371809.
31
What is the greatest common divisor of 9545 and 218887849?
1909
Calculate the highest common factor of 12966217 and 1165.
233
Calculate the highest common factor of 1840069 and 16192.
253
What is the highest common divisor of 2100 and 6861750?
1050
What is the highest common divisor of 1294 and 1011570913?
647
What is the greatest common factor of 608932 and 3572?
188
What is the highest common factor of 69839 and 1658903?
907
What is the highest common factor of 438 and 903606?
6
What is the greatest common factor of 37 and 1624858367?
37
What is the greatest common divisor of 8106634 a